15 - -9) - (1 + 1)
82
Calculate (0 - -1 - -4) + (7 - (10 + -2) - -54).
58
What is the value of (-6 + -3 + 3 - -48) + -17 + 17?
42
Evaluate 65 + (69 - (112 + -57)).
79
What is 88 + -50 + -53 + -27?
-42
Evaluate -5 - (-4 + 2 - -1) - ((18 - 89) + 1).
66
Evaluate 33 + -36 - (14 + -13 + (-2 - -9)).
-11
(-47 - (-54 + -36)) + 26 + -189
-120
What is the value of -55 - (-34 + 28 + -31)?
-18
What is 0 + -11 + 61 + 0 + -41 + (16 - -3)?
28
What is -113 + (10 - 34 - -236)?
99
Calculate 0 - -116 - 4 - (-2251 + 2277).
86
What is the value of -17 - ((-20 - -29) + -31)?
5
-193 + 152 + -12 + 120
67
What is -3 + 34 + (-76 - -53)?
8
What is the value of (-29 - -6 - -26 - (-12 - -7)) + 14?
22
What is the value of 3 - ((-4 - -12) + (-11 - -9) - 2)?
-1
Calculate 0 + -12 + -32 + -10 + 47 + (-9 - 0).
-16
What is the value of 28 - 3 - (-95 - -130 - 119)?
109
Evaluate 6 - (8 + -7) - (-2 - (1 + -14)).
-6
-344 - -365 - (1 + 2 + -9)
27
Calculate -7 + (-18 - (13 - 79)) - (12 - -3).
26
-22 + 28 - -4 - -64
74
What is the value of 25 + (-68 - (-42 - 2)) + (1 - -8)?
10
Calculate -5 - (-3 + 63) - (-25 + 18 - (-11 - 2)).
-71
(-27463 - -27511) + (-1 + -1 - 2 - 2)
42
What is (-31 - -47 - (24 + -5) - 11) + 40?
26
What is (-2 + 2 - 6) + (174 - (-92 - -240))?
20
Evaluate (-4 - 76 - -37) + (9 - 0) + -4.
-38
Calculate -478 + 471 - (3 - 6) - (5 - 9 - 121).
121
What is 394 - 444 - (25 + 4 + -10)?
-69
What is -52 + (26 - -17) + -24?
-33
Evaluate -861 + 829 + -1 + 1 + -13.
-45
Evaluate -26 + (-3 - -18) + (110 - 123).
-24
1 + 9 + -18 + (8 - (-3 - (-49 - 12)))
-58
What is -44 - (1 + (-23 - -4) + 6 + 15 + -3)?
-44
Calculate 110 - 251 - -132 - (-10 + (-2 - -1)).
2
Calculate -70 + -2 + (82 - 43) + 35.
2
Evaluate 31 + -33 + (-2 - 3) + 23 + 43.
59
Calculate -45 + 76 + -1 - (2 - -22).
6
Calculate -18 + 1 + (-212 + 181 - (1 - 26)).
-23
Evaluate 6 + (-183 - -132 - (17 + 1)) - 1.
-64
-123 - (13 - (44 + (-35 - -27)))
-100
Evaluate (-2 - -5 - (16 + -10)) + -15 + -11.
-29
What is -8 - (3 + 6 + -42 + (14 - 4))?
15
Calculate (52 - 87) + (1 - 0) - (81 + -80).
-35
Calculate (12 + -29 - (12 + -27)) + -6 + 0.
-8
Calculate -6 + (5 + -6 + 5 - (-10 + 8)).
0
-16 + -21 + (1 - -5 - (-28 - (-31 + -11)))
-45
4491 - 4470 - (-1 + -26)
48
Evaluate -18 + 78 + (-18 - -19 - (2 - 5)).
64
Calculate -19 + (-26 - 0) + -5 + 12 + -23.
-61
-2 + (-9 - -5) + 11 + (-6 - -39 - 10)
28
4 - (3 + (67 - 33))
-33
57 - (13 + 26) - -13
31
What is 40 + (-25 - 17) + 29?
27
Calculate (12 - -5) + 1 - (-621 + 701).
-62
Calculate (4 - 19) + -37 + -2 - (6 - 5).
-55
What is -1 + (4 + -7 - -3) + (14 - 59) + 0?
-46
What is the value of -18 + 39 + 21 + (-5 - (-17 + 2))?
52
What is (-608 - -645) + (-1 - 5 - -4)?
35
-14 + (26 - -17) + 22 + 3
54
What is 140 - 109 - ((-4 - 6 - -10) + -5)?
36
Evaluate -11 + 13 + 14 + -8.
8
Evaluate (0 - (-9 + -5) - (-117 + 232)) + -17.
-118
3 + 19 + (-11 + -5 - 5)
1
What is the value of -38 - (38 + -56 - (1 - (2 - -15)))?
-36
What is -57 - (34 - 39) - (2 + 18) - (2 - 8)?
-66
What is the value of -1 - (6 + -15) - (0 - 17)?
25
Calculate 33 + (-123 - 0) - -53.
-37
1 + 23 - (-3 - -1) - (149 - (78 + 78))
33
Calculate 11 + 6 - 6 - (2 + 5) - (-88 + 162).
-70
What is the value of (64 - ((16 - 0) + -13 + -3)) + 0?
64
-3 + 34 - (-521 + 488)
64
-71 + -28 + -7 + (-1 - -25)
-82
What is the value of (1 - 18) + ((-7 - -16) + -6 - -4) - -57?
47
Evaluate -123 + 2 + (76 - 1).
-46
Evaluate 14 + -4 - (-66 - (-14 + -22)).
40
-46 - 6 - (334 + -368)
-18
(8 - (62 + -31)) + 32
9
-28 + ((0 - 12) + 18 - -14)
-8
Calculate 0 + 64 - ((12 - (-7 + 24)) + 20).
49
Evaluate -63 + (32 - 83 - -27 - 4).
-91
-1 + 7 + (-63 - -44) + -41
-54
What is the value of 0 + -4 + 51 - (-16 + (30 - 14)) - 7?
40
Evaluate 20 + 20 + -58 - -34.
16
Calculate (-85 - -103) + (-1 - 10) + (-14 - -2).
-5
What is -20 + 15 + -20 + 40 - (-2 - -13)?
4
82 + -29 + (15 - 94)
-26
47 + 2 - (-426 - -425)
50
Evaluate 29 - (-317 + 318 + (-1 - -2)).
27
Evaluate 43 + (-138 - (-63 + -29)).
-3
Evaluate -27 - ((-99 - -1) + 28).
43
What is 6 + -13 - (-63 + -9 + -7)?
72
What is 114 + -95 - (12 - 0) - 7?
0
What is the value of (-12 - -1) + -22 + 15 + 7 - (44 + -67)?
12
Calculate 1748 - 1725 - (-1 - 36).
60
What is the value of (-40 - -1) + -21 - (9 + 5)?
-74
Evaluate (-13 - 137) + 143 + 0 + 0 + 82 + 1.
76
What is 9 + (-11 - (21 - (-10 + 29) - (3 - 6)))?
-7
Evaluate -40 - (43 + -128 + 27).
18
Calculate -13 + 3 + -12 + (10 - -3) - (-36 + 5).
22
Evaluate (73 + -12 - 13) + -4 + 93.
137
What is the value of -26 - -39 - 58 - -74?
29
What is the value of (5 - (-11 - -17)) + 6 - 2?
3
(-50 - 4) + 2 + -14 + 17 + -15
-64
What is the value of (147 + -148 - (4 - (1 - -94))) + 2?
92
What is -2 + -65 + (-16 - -27) + -9 + 8?
-57
Calculate 10 - (1 - 0) - (1423 + -1401).
-13
2747 - 2711 - (-62 + (4 - 2))
96
What is the value of (14 + -25 - 2) + (-6 - -4 - -5) - 43?
-53
What is the value of 1 + -17 - (-40 + 78 + -20 - 28)?
-6
Calculate -2 - 2 - (2 + 33 + -74).
35
Evaluate 4 + -2 + (-13 - -32) + (14 - 13).
22
What is the value of (148 - 77) + -180 - -31?
-78
Calculate 36 - ((14 - -1) + 16 + 15 + -41).
31
Calculate -40 - -30 - 21 - 5.
-36
Evaluate 12 - (61 + 0 + (-20 - (5 - 30))).
-54
Calculate -12 + (12 + -9 + (7 - 6) - 24).
-32
3 - (121 - (82 + 47))
11
Calculate 1 + 15 + (16 - ((-19 + -5 - 18) + 18)).
56
Evaluate -569 - -651 - (4 + -49).
127
Calculate (-13 - (-87 - (-10 - -1 - -23) - 13)) + 7.
108
Evaluate 155 - (56 + 73) - -110.
136
What is the value of (4117 - 4171) + (1 - -83)?
30
11 - ((1 - 0 - 1) + -2) - (412 - 400)
1
What is (50 - -115) + -182 + 53?
36
Calculate -9 + 5 + -5 - -18 - (-8 + -5 - 0).
22
What is 9 + (-4 - (1 + 6) - (6 - 64)) + 1?
57
(3 - 17 - 14) + 8
-20
Evaluate (-88 - -125 - 53) + 51.
35
14 - (288 + -248 + -14 + 3)
-15
Calculate -9 - ((-93 - (11 - (9 - 0)) - 3) + 13).
76
What is the value of 21 + 0 + (-26 - (-31 + -2))?
28
What is 0 - -13 - (11 + 10 + (-35 - -27))?
0
What is (2 - 34) + (294 - 271) + -24?
-33
0 - 76 - (-2334 - -2286)
-28
Calculate -31 + 1 + (-6085 - -6056).
-59
Calculate 16 - (-1 + 27 + 33 + -54).
11
What is the value of (9 - (1 + 12)) + (-43 - -52)?
5
Evaluate 12 - (-185 + 44 + 135).
18
(-14 - (-51 - -40)) + 76 + (-6 - 0)
67
Calculate (-12 - -28) + -13 + (-1 + -11 + 9 - 15).
-15
What is -1 - 63 - (42 - (11 + 12) - -8 - 16)?
-75
-12 + (3 + 29 + -15 - 14) - -21
12
What is 16 + (41 - (25 + 16)) - (-2 + -37)?
55
What is the value of -9 - -1 - (4 + (-6 - -14 - -11) - -34)?
-65
What is the value of 2 + (-13 - (4 + 70 - 7))?
-78
Evaluate 1 - 31 - (67 - 75) - (6 + -6).
-22
Evaluate 2 - (-22 + (8 - -10)).
6
What is -5 + (-11 - 30) - -19 - -32?
5
53 + -45 + -4 + 3
7
What is -11 - (17 - (-4 - -43)) - 6 - 86?
-81
2 + 0 + (-10 - -16) - (-14 + 58)
-36
What is -25 + (85 - 30) - (4 - -1 - 26)?
51
What is (102 + -62 - 5) + -73 + (0 - -14)?
-24
What is the value of 29 + -55 + 45 + -56?
-37
Evaluate 56 - (125 - 48 - 36).
15
What is the value of ((6 - 10) + 0 - 2) + (-64 - -163)?
93
What is the value of (46 - (46 + -44 + 40)) + 23?
27
Evaluate (2 - -37) + (-496 - -451) + (-1 - -1) + -41.
-47
What is the value of -34 + -31 + 4 - -56?
-5
What is 55 - ((-25 - (28 + -30)) + 24)?
54
12 + (49 - (-2 - -5 - (-8 + -19 - -20)))
51
Calculate -2 + 1 + 0 - ((-166 - -282) + -90).
-27
Evaluate -20 + -34 + 1 + 27.
-26
Evaluate -28 + 32 + 9 + 13.
26
(-5 - ((8 - 13) + 0 - 9)) + -3 + -135
-129
What is -25 + (-8 - -34) - (1 - 19) - (-71 - -64)?
26
-725 - -726 - ((-7 - 0) + 10)
-2
Evaluate -81 + (-21 - -42) + (3 - (0 + 7)).
-64
What is (-8 - -22) + -102 - -60?
-28
What is -2 - (-9 + 15 - (-8 - -2)) - (48 + -44)?
-18
Calculate 2 - (19 - 20) - 3.
0
Evaluate -124 - (-143 + 148 - 74).
-55
What is the value of -33 + 39 + (-25 - -57)?
38
Calculate -34 + (23 - 16 - -12) + -7.
-22
What is (-44 - (80 - 50)) + 26?
-48
Calculate 1 + (-7 - 10) - (-3 - -4).
-17
(4 - -11 - 9) + (-4 - -3) + -4
1
What is (10 - (-6 + -1 + -7 + 1 + 17)) + 35?
41
Calculate 228 + -231 - (-3 + 62 + (-3 - -1)).
-60
Evaluate -9 + (6 + -11 - -20) + 2 + -3 - 39.
-34
Calculate -3922 - -3884 - (-1 - -26).
-63
What is the value of 9 - (10 + 6) - (-24 - 39)?
56
Evaluate -1 + -5 + 14 + (23 + -14 + -10 - 13).
-6
Evaluate (0 - -27) + (-3851 - -3861).
37
(-19 - ((-17 - -5) + 15)) + 17
-5
What is the value of 9 + -2 + -10 + 21 + 0 + 1?
19
What is the value of -43 - (-41 - 